{"id":74,"date":"2020-01-16T13:18:10","date_gmt":"2020-01-16T13:18:10","guid":{"rendered":"http:\/\/wordpress.feuerwehr-hammah.de\/?page_id=74"},"modified":"2023-01-14T15:02:50","modified_gmt":"2023-01-14T14:02:50","slug":"altersabteilung","status":"publish","type":"page","link":"https:\/\/feuerwehr-hammah.de\/?page_id=74","title":{"rendered":"Altersabteilung"},"content":{"rendered":"\n<p>Mitglieder der Freiwilligen Feuerwehr, die das 67. Lebensjahr vollendet haben, oder ohne Altersgrenze aus gesundheitlichen Gr\u00fcnden den Anforderrungen des \u00dcbungs- und Einsatzdienstes nicht mehr gewachsen sind, k\u00f6nnen in die Altersabteilung \u00fcbernommen werden.<\/p>\n\n\n\n<p>Sie sollen vor den m\u00f6glichen k\u00f6rperlichen und psychischen Belastungen des aktiven Dienstes gesch\u00fctzt werden.<\/p>\n\n\n\n<p>Einen regul\u00e4ren Dienst gibt es bei der Altersabteilung nicht. Die geselligen Zusammenk\u00fcnfte dienen der Kameradschafts- und Kontaktpflege, sowie der Weitergabe von Erfahrung f\u00fcr die aktive Wehr.<\/p>\n\n\n\n<p><\/p>\n\n\n\n<figure class=\"wp-block-image size-large\"><img loading=\"lazy\" decoding=\"async\" width=\"1024\" height=\"509\" src=\"https:\/\/feuerwehr-hammah.de\/wp-content\/uploads\/2023\/01\/altabt2022-1024x509.jpg\" alt=\"\" class=\"wp-image-233\" srcset=\"https:\/\/feuerwehr-hammah.de\/wp-content\/uploads\/2023\/01\/altabt2022-1024x509.jpg 1024w, https:\/\/feuerwehr-hammah.de\/wp-content\/uploads\/2023\/01\/altabt2022-300x149.jpg 300w, https:\/\/feuerwehr-hammah.de\/wp-content\/uploads\/2023\/01\/altabt2022-768x382.jpg 768w, https:\/\/feuerwehr-hammah.de\/wp-content\/uploads\/2023\/01\/altabt2022.jpg 1280w\" sizes=\"auto, (max-width: 1024px) 100vw, 1024px\" \/><\/figure>\n","protected":false},"excerpt":{"rendered":"<p>Mitglieder der Freiwilligen Feuerwehr, die das 67. Lebensjahr vollendet haben, oder ohne Altersgrenze aus gesundheitlichen Gr\u00fcnden den Anforderrungen des \u00dcbungs-&hellip;<\/p>\n","protected":false},"author":1,"featured_media":0,"parent":0,"menu_order":0,"comment_status":"closed","ping_status":"closed","template":"","meta":{"footnotes":""},"class_list":["post-74","page","type-page","status-publish","hentry"],"_links":{"self":[{"href":"https:\/\/feuerwehr-hammah.de\/index.php?rest_route=\/wp\/v2\/pages\/74","targetHints":{"allow":["GET"]}}],"collection":[{"href":"https:\/\/feuerwehr-hammah.de\/index.php?rest_route=\/wp\/v2\/pages"}],"about":[{"href":"https:\/\/feuerwehr-hammah.de\/index.php?rest_route=\/wp\/v2\/types\/page"}],"author":[{"embeddable":true,"href":"https:\/\/feuerwehr-hammah.de\/index.php?rest_route=\/wp\/v2\/users\/1"}],"replies":[{"embeddable":true,"href":"https:\/\/feuerwehr-hammah.de\/index.php?rest_route=%2Fwp%2Fv2%2Fcomments&post=74"}],"version-history":[{"count":2,"href":"https:\/\/feuerwehr-hammah.de\/index.php?rest_route=\/wp\/v2\/pages\/74\/revisions"}],"predecessor-version":[{"id":234,"href":"https:\/\/feuerwehr-hammah.de\/index.php?rest_route=\/wp\/v2\/pages\/74\/revisions\/234"}],"wp:attachment":[{"href":"https:\/\/feuerwehr-hammah.de\/index.php?rest_route=%2Fwp%2Fv2%2Fmedia&parent=74"}],"curies":[{"name":"wp","href":"https:\/\/api.w.org\/{rel}","templated":true}]}}